posite number?
False
Let u be ((-8)/24)/(3/(-45)). Suppose -3*v = 2*x - 32493, v = -u*x + 7335 + 3496. Is v prime?
True
Suppose 26 = -4*l + b, 104*b = -3*l + 103*b - 16. Let j(c) be the first derivative of -209*c**2/2 + 61*c - 3. Is j(l) prime?
False
Suppose 26*z = -136*z + 200046510. Is z composite?
True
Let r(c) = -c**3 + 24*c**2 + 11*c + 19. Let v be r(18). Suppose v = 6*d - 5513. Is d a prime number?
True
Suppose m + 0*m + 5*c + 4 = 0, -2*c = 2. Let y(f) = -2 - 32*f - 38*f + 110*f - 37*f + 90*f**2. Is y(m) composite?
True
Let j(u) = -384*u + 7. Let k(a) = 382*a - 7. Let x(d) = -7*j(d) - 6*k(d). Is x(5) a composite number?
False
Let h(l) = 7*l**3 - 4*l**2 + 6*l + 4. Let j(v) be the first derivative of -v**2/2 - 5*v + 13. Let r be j(-10). Is h(r) composite?
False
Suppose 136 = 4*w - 4*p, 2*p - 131 = -4*w + p. Let o = 36 - w. Suppose -6*i + o*i = -40929. Is i prime?
False
Let p(z) = z**2 - z - 4. Let k(t) = 10*t**2 - 73*t + 50. Let d(a) = k(a) - 3*p(a). Is d(29) a prime number?
True
Let r(u) = u - 8. Let n(d) = 3*d - 25. Let k(w) = 4*n(w) - 11*r(w). Let a be k(0). Is (-8)/a*4041/6 prime?
True
Suppose -16 = 7*g - 9*g. Suppose -k + g = -w, 10 = -k - 4*w - 2. Is (k + 0)*309/6 composite?
True
Let a(l) = -145*l**3 + 12*l**2 + 3*l + 83. Is a(-6) composite?
False
Let d be (-6)/(-4) - 16/(-32). Suppose -5*q + 2*q - z + 16308 = 0, 0 = -4*q + d*z + 21754. Is q a composite number?
False
Let a = -58 - -56. Let k be (-1)/a*(3 - (-5)/(-1)). Is (-21 - -292)*k/(-1) prime?
True
Let j = 2487 + -1139. Let x = 404 + 37. Let f = j - x. Is f composite?
False
Let q(y) = -33*y - 31. Let h(w) = -11*w. Let o be h(1). Let f(z) = -65*z - 62. Let l(r) = o*q(r) + 6*f(r). Is l(-6) prime?
True
Suppose 5*k = -4*g + 3*g + 25, 4*k - 20 = 3*g. Suppose 9*x + g*x = 10539. Is x composite?
False
Let h(u) = u**2 + 3*u + 7. Let n be h(-7). Suppose -4*c + n = -9*c. Is (-20)/(-3 - c)*387/(-15) a prime number?
False
Let v(p) = -18*p - 47. Let d = 67 - 64. Suppose -j = 2, -19 = r + d*j - j. Is v(r) prime?
True
Let z be (-6 - -1) + -2 + 1 + 5. Is ((2024/(-12))/z)/(14/21) a composite number?
True
Let l = 12620 + -7286. Let q = -1193 + l. Let t = -2954 + q. Is t a prime number?
True
Let p = 5469 - -8699. Suppose 16*l + i + 4720 = 17*l, -5*i = 3*l - p. Is l prime?
True
Let h be 5187/5 + 22/(-55). Let s = 1516 - h. Is s composite?
False
Suppose -f - 58983 = 3*y, 0 = 3*y + 2*f + f + 58983. Let c = y - -31217. Suppose -v + 8671 = 2*v + 2*w, -4*v - 4*w + c = 0. Is v prime?
False
Suppose -r - 30208 - 14350 = 4*q, -11137 = q - r. Let s = 25302 + q. Is s composite?
True
Suppose -8*p - 803363 + 6633483 = 0. Is p a prime number?
False
Let p be (328/574)/(2/12509). Suppose -n + 2377 = -p. Is n a prime number?
False
Let k be (-46)/(-14) + 6/(-21). Let r(w) = w**3 - 6*w**2 + 8*w - 6. Let m be r(k). Let l(o) = -78*o - 25. Is l(m) a prime number?
True
Let a = 28701 - 13100. Is a prime?
True
Let u = -6693 + 3231. Let o = 4903 + u. Is o a prime number?
False
Let v(w) = 476*w**3 + 27*w**2 - 9*w - 67. Is v(9) a composite number?
False
Suppose 60*v + 2620095 = 75*v. Is v a prime number?
True
Let g(b) = 6*b**2 - 9*b + 37. Suppose -85 = 14*m + 83. Is g(m) prime?
True
Let h(t) = -58596*t + 1651. Is h(-3) prime?
False
Suppose -11963 + 1344 = -7*m. Let b = 2226 - m. Is b a composite number?
False
Is 31311/12 - (9 + 1/(4/(-35))) prime?
True
Suppose -48 = 12*k - 4*k. Let y = 8 + k. Suppose -2062 = -y*u + 2*n, -u + 97 = 4*n - 914. Is u a composite number?
True
Suppose 4*v = 3*v + 3*v. Suppose -5*n - 3*p - p = v, -3*n + 4*p = 0. Suppose n = 5*j + 17 - 7, 9817 = 3*i - 5*j. Is i a composite number?
True
Let l be (-4 - 1)/((-20)/(-24)*-1). Is l + -1 + 6 + -11 + 4561 a composite number?
False
Suppose 0 = -45*s + 49*s - 7304. Suppose 0 = 84*f - 73*f - s. Is f composite?
True
Suppose -106*m = -103*m - 6432. Suppose 211 + m = 3*x. Is x prime?
False
Suppose 0 = 11*h - 12*h - 16*h + 1949713. Is h a prime number?
True
Suppose -6*o + 13 = -11. Is 126/45*10/o*89 prime?
False
Let r(y) = 116*y**2 + 37*y - 753. Is r(-37) a composite number?
True
Let j(z) = 3*z + 81. Let d be j(-19). Suppose d*p = 29*p - 1585. Is p prime?
True
Let f = 190769 + 242760. Is f a prime number?
False
Let f = 5 - 20. Let r be (((-400)/6)/(-10))/(2/f). Let d = -19 - r. Is d composite?
False
Suppose 3*j - 2*j + 5898 = -t, -2*j = -2. Let f = 10152 + t. Is f prime?
True
Is ((-176496)/(-60) - 11)/(1/25) composite?
True
Suppose -17*c + 13*c - 3*b = -604855, 4*b = 4. Is c a composite number?
False
Let n = 57941 - 27340. Is n prime?
False
Let i = 37517 + 58134. Is i a prime number?
True
Let c(k) = -5*k**3 - 13*k**2 - 10*k + 2. Let p be c(-8). Suppose 2*m - p = 540. Suppose 7*l - 302 = m. Is l composite?
False
Let p(i) be the second derivative of 1/20*i**5 - 7*i**2 + 0*i**3 + 0 - 1/2*i**4 - 11*i. Is p(7) prime?
False
Suppose 5*b + 30310 = -5*j, -b - 3921 - 2139 = 3*j. Let s = 13712 + b. Is s a prime number?
True
Let h = 904 - 594. Suppose -v = v - 5*i - 25, 0 = -4*v + 3*i + 15. Is (h + (-5 - -2))*(v - -1) a composite number?
False
Let y(w) = 5*w**2 - 26*w - 46. Let f = -233 + 224. Is y(f) composite?
False
Let o = 27 + -23. Suppose -3*m - 24 = -o*n + n, -m = 3*n - 4. Suppose -n*d - 2*d = -4*j + 1256, 3*d = j - 321. Is j a prime number?
False
Is ((-1109735)/(-55))/(7/49) composite?
True
Let b be (-1)/((6/(-2))/12). Suppose 2*f = b*r - 3*f - 2, 22 = 4*r + 5*f. Suppose 4*m + 16 = 0, -r*s - 4*m + 6009 - 88 = 0. Is s prime?
True
Let m be -28*((-2)/(-12))/(2/(-3)). Is m - ((-13493)/1 - -5) prime?
False
Let z(n) = 48416*n - 467. Is z(9) composite?
False
Is 0/(-40) + (-1 - (-2 + -149305)) composite?
True
Let a(c) = c**2 + 24*c + 65. Let s be a(-21). Suppose -24899 = -3*o + s*g, -2*g - 23097 = -4*o + 10103. Is o a prime number?
False
Let n = -68 - -63. Let s(o) = -o + 1. Let l be s(n). Is 8880/42 - l/14 a prime number?
True
Let m(j) = j**3 - 14*j**2 - 16*j + 20. Let b be m(15). Suppose 10*v - b*v - 19880 = -3*i, -4*v = -4*i - 15872. Is v a prime number?
False
Suppose -12*x + 10 = -11*x + 2*d, -x = -4*d + 14. Suppose 6163 = 2*z + 5*s, 7326 - 1164 = x*z + 4*s. Is z prime?
True
Suppose 11*p + 12*p - 3606123 = 20*p. Is p a composite number?
False
Let l = -2391 + 3380. Let k = 3746 + l. Is k prime?
False
Let t(z) = 21294*z + 311. Is t(2) a composite number?
False
Let d = 7314 - 1744. Suppose 0 = -3*s - 1175 + d. Is s composite?
True
Suppose -26 = -u - z, -u + z + 35 + 1 = 0. Suppose u*t - 11 = 30*t. Suppose -14*b = -t*b - 3633. Is b a composite number?
True
Let s = 363 + -733. Let m = s - -2343. Is m composite?
False
Let a(f) be the first derivative of 42*f**2 - 9*f - 5. Let o be a(6). Let w = 496 + o. Is w a composite number?
False
Let k = -81 + 136. Let h = k - 53. Is ((-1593)/(-6))/3*h composite?
True
Let g be -2 + 4/((-8)/26). Suppose 0 = 9*v - 20*v - 1000659. Is v/g + (-24)/(-60) prime?
False
Let g be (2*10)/(-9*8/(-36)). Suppose -3*t + 3*w + g = t, -8 = 4*w. Is t/(((-1)/(-201))/(6/9)) a composite number?
True
Let t(p) = p**3 - 36*p**2 - 6*p + 117. Is t(38) prime?
True
Let d(t) = 13399*t + 21. Let p be d(-9). Let o = 81898 + p. Is -2 + 26/12 - o/96 a prime number?
False
Let g be (10 + -8)*2*1. Let o(m) = 309*m + 3. Let u be o(g). Suppose j - u = -6*j. Is j a composite number?
True
Let i(y) = y**3 + 3*y**2 + 2*y - 19. Let f(k) be the first derivative of 3*k**2/2 - 37*k - 7. Let w be f(15). Is i(w) a prime number?
True
Is (3/(-9))/(40/19920)*(-382)/4 prime?
False
Let w = 179947 + -88116. Is w a prime number?
False
Suppose d + 3*c + 23258 = -0*c, -5*d - 116234 = c. Let n = d - -41995. Is n a prime number?
True
Let t be (42/(-2))/((-57)/(-38)). Let m be 1/t*-2 - (-1)/(-7). Suppose -4*a + 2*q + 2948 = m, 2*a + 3*q = 4*a - 1474. Is a prime?
False
Let a(o) = 118374*o**2 + 2*o + 3. Let n be a(-3). Suppose 65*z = 537472 + n. Is z a prime number?
True
Let r(c) = 5588*c**2 - 19*c - 42. Let m(g) = -2794*g**2 + 9*g + 21. Let z(d) = 5*m(d) + 3*r(d). Let h be 12/(-12)*(-10 + 12). Is z(h) prime?
False
Let x = 9674 + -5614. Suppose -9*d = -34883 - x. Is d a composite number?
False
Suppose 4*l = 5*l - 5, -4*k - 4*l = -1216. Suppose 301*s = k*s + 40010. Is s a prime number?
False
Let l(z) = -z**3 - 3*z**2 + 5*z. Let p be l(-4). Let m(t) = 8*t - 39*t - 23*t + 7. Is m(p) a prime number?
True
